{"id":8152,"date":"2024-02-01T20:48:04","date_gmt":"2024-02-01T20:48:04","guid":{"rendered":"https:\/\/foodsconsultancy.com\/blog\/?page_id=8152"},"modified":"2024-02-01T20:48:05","modified_gmt":"2024-02-01T20:48:05","slug":"kurslar","status":"publish","type":"page","link":"https:\/\/foodsconsultancy.com\/blog\/tr\/kurslar\/","title":{"rendered":"Kurslar"},"content":{"rendered":"\t\t<div data-elementor-type=\"wp-page\" data-elementor-id=\"8152\" class=\"elementor elementor-8152\">\n\t\t\t\t\t\t<section class=\"has-el-gap el-gap-default elementor-section elementor-top-section elementor-element elementor-element-296ee8a8 elementor-section-boxed elementor-section-height-default elementor-section-height-default\" data-id=\"296ee8a8\" data-element_type=\"section\" data-settings=\"{&quot;background_background&quot;:&quot;classic&quot;,&quot;background_sd_background&quot;:&quot;classic&quot;}\">\n\t\t\t\t\t\t<div class=\"elementor-container elementor-column-gap-no\">\n\t\t\t\t\t<div class=\"elementor-column elementor-col-100 elementor-top-column elementor-element elementor-element-490b9476\" data-id=\"490b9476\" data-element_type=\"column\">\n\t\t\t<div class=\"elementor-widget-wrap elementor-element-populated\">\n\t\t\t\t\t\t<div class=\"elementor-element elementor-element-1751b12f elementor-widget elementor-widget-smartmag-grid\" data-id=\"1751b12f\" data-element_type=\"widget\" data-widget_type=\"smartmag-grid.default\">\n\t\t\t\t<div class=\"elementor-widget-container\">\n\t\t\t\t\t<section class=\"block-wrap block-grid block-sc mb-none\" data-id=\"1\">\n\n\t\t\t\t\t\t\t\t\n\t\t\t\t\t\t\t\n\t\t\t\t<div class=\"block-head block-head-ac block-head-c is-left\">\n\n\t\t\t\t\t<h4 class=\"heading\">Mikrobiyoloji ve proje gelii\u015f<\/h4>\t\t\t\t\t\n\t\t\t\t\t\t\t\t\t<\/div>\n\t\t\t\t\n\t\t\t\n\t\t\t\n\t\t\t<div class=\"block-content\">\n\t\t\t\t\t\n\t<div class=\"loop loop-grid loop-grid-base has-nums has-nums-b grid grid-5 md:grid-2 sm:grid-2\">\n\n\t\t\t\t\t\n<article class=\"l-post grid-post grid-base-post\">\n\n\t\n\t\t\t<div class=\"media\">\n\n\t\t\n\t\t\t<a href=\"https:\/\/foodsconsultancy.com\/blog\/tr\/mantar-nakli-kursu\/\" class=\"image-link media-ratio ratio-1-1\" title=\"Mikrobiyoloji ve Mantar Nakli Kursu\"><img fetchpriority=\"high\" decoding=\"async\" width=\"368\" height=\"368\" src=\"https:\/\/foodsconsultancy.com\/blog\/wp-content\/uploads\/2023\/12\/a6fa5bc4-6e8b-4c2e-9353-2fe0939c1736-450x260.png\" class=\"attachment-bunyad-medium size-bunyad-medium wp-post-image\" alt=\"Microbiology\" sizes=\"(max-width: 368px) 100vw, 368px\" title=\"Mikrobiyoloji ve Mantar Nakli Kursu\" srcset=\"https:\/\/foodsconsultancy.com\/blog\/wp-content\/uploads\/2023\/12\/a6fa5bc4-6e8b-4c2e-9353-2fe0939c1736-1024x593.png 1024w, https:\/\/foodsconsultancy.com\/blog\/wp-content\/uploads\/2023\/12\/a6fa5bc4-6e8b-4c2e-9353-2fe0939c1736-768x444.png 768w, https:\/\/foodsconsultancy.com\/blog\/wp-content\/uploads\/2023\/12\/a6fa5bc4-6e8b-4c2e-9353-2fe0939c1736-1200x694.png 1200w, https:\/\/foodsconsultancy.com\/blog\/wp-content\/uploads\/2023\/12\/a6fa5bc4-6e8b-4c2e-9353-2fe0939c1736.png 1327w\" \/><\/a>\t\t\t\n\t\t\t\n\t\t\t\n\t\t\t\n\t\t\n\t\t<\/div>\n\t\n\n\t\n\t\t<div class=\"content\">\n\n\t\t\t<div class=\"post-meta post-meta-a\"><h2 class=\"is-title post-title limit-lines l-lines-3\"><a href=\"https:\/\/foodsconsultancy.com\/blog\/tr\/mantar-nakli-kursu\/\">Mikrobiyoloji ve Mantar Nakli Kursu<\/a><\/h2><\/div>\t\t\t\n\t\t\t\n\t\t\t\n\t\t<\/div>\n\n\t\n<\/article>\t\t\n\t<\/div>\n\n\t\t\n\t\t\t<\/div>\n\n\t\t<\/section>\n\t\t\t\t<\/div>\n\t\t\t\t<\/div>\n\t\t\t\t\t<\/div>\n\t\t<\/div>\n\t\t\t\t\t<\/div>\n\t\t<\/section>\n\t\t\t\t<section class=\"has-el-gap el-gap-default elementor-section elementor-top-section elementor-element elementor-element-2c4aeef5 elementor-section-boxed elementor-section-height-default elementor-section-height-default\" data-id=\"2c4aeef5\" data-element_type=\"section\" data-settings=\"{&quot;background_background&quot;:&quot;classic&quot;,&quot;background_sd_background&quot;:&quot;classic&quot;}\">\n\t\t\t\t\t\t<div class=\"elementor-container elementor-column-gap-no\">\n\t\t\t\t\t<div class=\"elementor-column elementor-col-100 elementor-top-column elementor-element elementor-element-57500402\" data-id=\"57500402\" data-element_type=\"column\">\n\t\t\t<div class=\"elementor-widget-wrap elementor-element-populated\">\n\t\t\t\t\t\t<div class=\"elementor-element elementor-element-53a5cba9 elementor-widget elementor-widget-smartmag-grid\" data-id=\"53a5cba9\" data-element_type=\"widget\" data-widget_type=\"smartmag-grid.default\">\n\t\t\t\t<div class=\"elementor-widget-container\">\n\t\t\t\t\t<section class=\"block-wrap block-grid block-sc mb-none\" data-id=\"2\">\n\n\t\t\t\t\t\t\t\t\n\t\t\t\t\t\t\t\n\t\t\t\t<div class=\"block-head block-head-ac block-head-c is-left\">\n\n\t\t\t\t\t<h4 class=\"heading\">Kalite Kurslar\u0131<\/h4>\t\t\t\t\t\n\t\t\t\t\t\t\t\t\t<\/div>\n\t\t\t\t\n\t\t\t\n\t\t\t\n\t\t\t<div class=\"block-content\">\n\t\t\t\t\t\n\t<div class=\"loop loop-grid loop-grid-base has-nums has-nums-b grid grid-5 md:grid-2 sm:grid-2\">\n\n\t\t\t\t\t\n<article class=\"l-post grid-post grid-base-post\">\n\n\t\n\t\t\t<div class=\"media\">\n\n\t\t\n\t\t\t<a href=\"https:\/\/foodsconsultancy.com\/blog\/tr\/mikrobiyoloji-testleri-kursu\/\" class=\"image-link media-ratio ratio-1-1\" title=\"G\u0131da end\u00fcstrisi Mikrobiyoloji testleri kursu\"><img decoding=\"async\" width=\"368\" height=\"368\" src=\"https:\/\/foodsconsultancy.com\/blog\/wp-content\/uploads\/2024\/01\/mmweb-1-e1706467378287-450x310.webp\" class=\"attachment-bunyad-medium size-bunyad-medium wp-post-image\" alt=\"\u0627\u0644\u0623\u062d\u064a\u0627\u0621 \u0627\u0644\u062f\u0642\u064a\u0642\u0629\" sizes=\"(max-width: 368px) 100vw, 368px\" title=\"G\u0131da end\u00fcstrisi Mikrobiyoloji testleri kursu\" srcset=\"https:\/\/foodsconsultancy.com\/blog\/wp-content\/uploads\/2024\/01\/mmweb-1-e1706467378287-450x310.webp 450w, https:\/\/foodsconsultancy.com\/blog\/wp-content\/uploads\/2024\/01\/mmweb-1-e1706467378287.webp 564w\" \/><\/a>\t\t\t\n\t\t\t\n\t\t\t\n\t\t\t\n\t\t\n\t\t<\/div>\n\t\n\n\t\n\t\t<div class=\"content\">\n\n\t\t\t<div class=\"post-meta post-meta-a\"><h2 class=\"is-title post-title limit-lines l-lines-3\"><a href=\"https:\/\/foodsconsultancy.com\/blog\/tr\/mikrobiyoloji-testleri-kursu\/\">G\u0131da end\u00fcstrisi Mikrobiyoloji testleri kursu<\/a><\/h2><\/div>\t\t\t\n\t\t\t\n\t\t\t\n\t\t<\/div>\n\n\t\n<\/article>\t\t\t\t\t\n<article class=\"l-post grid-post grid-base-post\">\n\n\t\n\t\t\t<div class=\"media\">\n\n\t\t\n\t\t\t<a href=\"https:\/\/foodsconsultancy.com\/blog\/tr\/iyi-uretim-uygulamalari-kursu\/\" class=\"image-link media-ratio ratio-1-1\" title=\"Yarat\u0131c\u0131 olun   \u0130yi \u00dcretim Uygulamalar\u0131 &#8216;na kat\u0131l\u0131n\"><img decoding=\"async\" width=\"368\" height=\"368\" src=\"https:\/\/foodsconsultancy.com\/blog\/wp-content\/uploads\/2024\/01\/photo_2023-10-31_13-13-35-450x382.jpg\" class=\"attachment-bunyad-medium size-bunyad-medium wp-post-image\" alt=\"\u0130yi \u00dcretim Uygulamalar\u0131\" sizes=\"(max-width: 368px) 100vw, 368px\" title=\"Yarat\u0131c\u0131 olun   \u0130yi \u00dcretim Uygulamalar\u0131 &#8216;na kat\u0131l\u0131n\" srcset=\"https:\/\/foodsconsultancy.com\/blog\/wp-content\/uploads\/2024\/01\/photo_2023-10-31_13-13-35-450x382.jpg 450w, https:\/\/foodsconsultancy.com\/blog\/wp-content\/uploads\/2024\/01\/photo_2023-10-31_13-13-35.jpg 500w\" \/><\/a>\t\t\t\n\t\t\t\n\t\t\t\n\t\t\t\n\t\t\n\t\t<\/div>\n\t\n\n\t\n\t\t<div class=\"content\">\n\n\t\t\t<div class=\"post-meta post-meta-a\"><h2 class=\"is-title post-title limit-lines l-lines-3\"><a href=\"https:\/\/foodsconsultancy.com\/blog\/tr\/iyi-uretim-uygulamalari-kursu\/\">Yarat\u0131c\u0131 olun   \u0130yi \u00dcretim Uygulamalar\u0131 &#8216;na kat\u0131l\u0131n<\/a><\/h2><\/div>\t\t\t\n\t\t\t\n\t\t\t\n\t\t<\/div>\n\n\t\n<\/article>\t\t\n\t<\/div>\n\n\t\t\n\t\t\t<\/div>\n\n\t\t<\/section>\n\t\t\t\t<\/div>\n\t\t\t\t<\/div>\n\t\t\t\t\t<\/div>\n\t\t<\/div>\n\t\t\t\t\t<\/div>\n\t\t<\/section>\n\t\t\t\t<section class=\"has-el-gap el-gap-default elementor-section elementor-top-section elementor-element elementor-element-63b78ce2 elementor-section-boxed elementor-section-height-default elementor-section-height-default\" data-id=\"63b78ce2\" data-element_type=\"section\" data-settings=\"{&quot;background_background&quot;:&quot;classic&quot;,&quot;background_sd_background&quot;:&quot;classic&quot;}\">\n\t\t\t\t\t\t<div class=\"elementor-container elementor-column-gap-no\">\n\t\t\t\t\t<div class=\"elementor-column elementor-col-100 elementor-top-column elementor-element elementor-element-7e2933ea\" data-id=\"7e2933ea\" data-element_type=\"column\">\n\t\t\t<div class=\"elementor-widget-wrap elementor-element-populated\">\n\t\t\t\t\t\t<div class=\"elementor-element elementor-element-4e1629db elementor-widget elementor-widget-smartmag-grid\" data-id=\"4e1629db\" data-element_type=\"widget\" data-widget_type=\"smartmag-grid.default\">\n\t\t\t\t<div class=\"elementor-widget-container\">\n\t\t\t\t\t<section class=\"block-wrap block-grid block-sc mb-none\" data-id=\"3\">\n\n\t\t\t\t\t\t\t\t\n\t\t\t\t\t\t\t\n\t\t\t\t<div class=\"block-head block-head-ac block-head-c is-left\">\n\n\t\t\t\t\t<h4 class=\"heading\">\u00dcretim Kurslar\u0131<\/h4>\t\t\t\t\t\n\t\t\t\t\t\t\t\t\t<\/div>\n\t\t\t\t\n\t\t\t\n\t\t\t\n\t\t\t<div class=\"block-content\">\n\t\t\t\t\t\n\t<div class=\"loop loop-grid loop-grid-base has-nums has-nums-b grid grid-5 md:grid-2 sm:grid-2\">\n\n\t\t\t\t\t\n<article class=\"l-post grid-post grid-base-post\">\n\n\t\n\t\t\t<div class=\"media\">\n\n\t\t\n\t\t\t<a href=\"https:\/\/foodsconsultancy.com\/blog\/tr\/metal-cift-dikis\/\" class=\"image-link media-ratio ratio-1-1\" title=\"Metal \u00e7ift diki\u015f de\u011ferlendirmesi ve sorun giderme kursu\"><img loading=\"lazy\" decoding=\"async\" width=\"368\" height=\"368\" src=\"https:\/\/foodsconsultancy.com\/blog\/wp-content\/uploads\/2024\/01\/beverages-39-1-450x253.jpg\" class=\"attachment-bunyad-medium size-bunyad-medium wp-post-image\" alt=\"Double Seam Evaluation\" sizes=\"(max-width: 368px) 100vw, 368px\" title=\"Metal \u00e7ift diki\u015f de\u011ferlendirmesi ve sorun giderme kursu\" srcset=\"https:\/\/foodsconsultancy.com\/blog\/wp-content\/uploads\/2024\/01\/beverages-39-1-768x432.jpg 768w, https:\/\/foodsconsultancy.com\/blog\/wp-content\/uploads\/2024\/01\/beverages-39-1.jpg 810w\" \/><\/a>\t\t\t\n\t\t\t\n\t\t\t\n\t\t\t\n\t\t\n\t\t<\/div>\n\t\n\n\t\n\t\t<div class=\"content\">\n\n\t\t\t<div class=\"post-meta post-meta-a\"><h2 class=\"is-title post-title limit-lines l-lines-3\"><a href=\"https:\/\/foodsconsultancy.com\/blog\/tr\/metal-cift-dikis\/\">Metal \u00e7ift diki\u015f de\u011ferlendirmesi ve sorun giderme kursu<\/a><\/h2><\/div>\t\t\t\n\t\t\t\n\t\t\t\n\t\t<\/div>\n\n\t\n<\/article>\t\t\n\t<\/div>\n\n\t\t\n\t\t\t<\/div>\n\n\t\t<\/section>\n\t\t\t\t<\/div>\n\t\t\t\t<\/div>\n\t\t\t\t\t<\/div>\n\t\t<\/div>\n\t\t\t\t\t<\/div>\n\t\t<\/section>\n\t\t\t\t<section class=\"has-el-gap el-gap-default elementor-section elementor-top-section elementor-element elementor-element-4cf3584a elementor-section-boxed elementor-section-height-default elementor-section-height-default\" data-id=\"4cf3584a\" data-element_type=\"section\" data-settings=\"{&quot;background_background&quot;:&quot;classic&quot;,&quot;background_sd_background&quot;:&quot;classic&quot;}\">\n\t\t\t\t\t\t<div class=\"elementor-container elementor-column-gap-no\">\n\t\t\t\t\t<div class=\"elementor-column elementor-col-100 elementor-top-column elementor-element elementor-element-19ebe0de\" data-id=\"19ebe0de\" data-element_type=\"column\">\n\t\t\t<div class=\"elementor-widget-wrap elementor-element-populated\">\n\t\t\t\t\t\t<div class=\"elementor-element elementor-element-53fd9ed5 elementor-widget elementor-widget-smartmag-grid\" data-id=\"53fd9ed5\" data-element_type=\"widget\" data-widget_type=\"smartmag-grid.default\">\n\t\t\t\t<div class=\"elementor-widget-container\">\n\t\t\t\t\t<section class=\"block-wrap block-grid block-sc mb-none\" data-id=\"4\">\n\n\t\t\t\t\t\t\t\t\n\t\t\t\t\t\t\t\n\t\t\t\t<div class=\"block-head block-head-ac block-head-c is-left\">\n\n\t\t\t\t\t<h4 class=\"heading\">Su Ar\u0131tma<\/h4>\t\t\t\t\t\n\t\t\t\t\t\t\t\t\t<\/div>\n\t\t\t\t\n\t\t\t\n\t\t\t\n\t\t\t<div class=\"block-content\">\n\t\t\t\t\t\n\t<div class=\"loop loop-grid loop-grid-base has-nums has-nums-b grid grid-5 md:grid-2 sm:grid-2\">\n\n\t\t\t\t\t\n<article class=\"l-post grid-post grid-base-post\">\n\n\t\n\t\t\t<div class=\"media\">\n\n\t\t\n\t\t\t<a href=\"https:\/\/foodsconsultancy.com\/blog\/tr\/iyon-degisim\/\" class=\"image-link media-ratio ratio-1-1\" title=\"Su Ar\u0131tmada \u0130yon De\u011fi\u015fim Re\u00e7ineleri Kursu\"><img loading=\"lazy\" decoding=\"async\" width=\"368\" height=\"368\" src=\"https:\/\/foodsconsultancy.com\/blog\/wp-content\/uploads\/2023\/12\/333-1-450x450.webp\" class=\"attachment-bunyad-medium size-bunyad-medium wp-post-image\" alt=\"\u0631\u0627\u062a\u0646\u062c\u0627\u062a \u0627\u0644\u062a\u0628\u0627\u062f\u0644 \u0627\u0644\u0623\u064a\u0648\u0646\u064a\" sizes=\"(max-width: 368px) 100vw, 368px\" title=\"Su Ar\u0131tmada \u0130yon De\u011fi\u015fim Re\u00e7ineleri Kursu\" srcset=\"https:\/\/foodsconsultancy.com\/blog\/wp-content\/uploads\/2023\/12\/333-1-450x450.webp 450w, https:\/\/foodsconsultancy.com\/blog\/wp-content\/uploads\/2023\/12\/333-1-300x300.webp 300w, https:\/\/foodsconsultancy.com\/blog\/wp-content\/uploads\/2023\/12\/333-1-150x150.webp 150w, https:\/\/foodsconsultancy.com\/blog\/wp-content\/uploads\/2023\/12\/333-1.webp 564w\" \/><\/a>\t\t\t\n\t\t\t\n\t\t\t\n\t\t\t\n\t\t\n\t\t<\/div>\n\t\n\n\t\n\t\t<div class=\"content\">\n\n\t\t\t<div class=\"post-meta post-meta-a\"><h2 class=\"is-title post-title limit-lines l-lines-3\"><a href=\"https:\/\/foodsconsultancy.com\/blog\/tr\/iyon-degisim\/\">Su Ar\u0131tmada \u0130yon De\u011fi\u015fim Re\u00e7ineleri Kursu<\/a><\/h2><\/div>\t\t\t\n\t\t\t\n\t\t\t\n\t\t<\/div>\n\n\t\n<\/article>\t\t\n\t<\/div>\n\n\t\t\n\t\t\t<\/div>\n\n\t\t<\/section>\n\t\t\t\t<\/div>\n\t\t\t\t<\/div>\n\t\t\t\t\t<\/div>\n\t\t<\/div>\n\t\t\t\t\t<\/div>\n\t\t<\/section>\n\t\t\t\t<\/div>\n\t\t","protected":false},"excerpt":{"rendered":"<p>Mikrobiyoloji ve proje gelii\u015f Kalite Kurslar\u0131 \u00dcretim Kurslar\u0131 Su Ar\u0131tma<\/p>\n","protected":false},"author":1,"featured_media":0,"parent":0,"menu_order":0,"comment_status":"closed","ping_status":"closed","template":"page-templates\/no-wrapper.php","meta":{"rank_math_lock_modified_date":false,"footnotes":""},"lang":"tr","translations":{"tr":8152,"ar":7953,"en":9144},"amp_enabled":true,"pll_sync_post":[],"_links":{"self":[{"href":"https:\/\/foodsconsultancy.com\/blog\/wp-json\/wp\/v2\/pages\/8152"}],"collection":[{"href":"https:\/\/foodsconsultancy.com\/blog\/wp-json\/wp\/v2\/pages"}],"about":[{"href":"https:\/\/foodsconsultancy.com\/blog\/wp-json\/wp\/v2\/types\/page"}],"author":[{"embeddable":true,"href":"https:\/\/foodsconsultancy.com\/blog\/wp-json\/wp\/v2\/users\/1"}],"replies":[{"embeddable":true,"href":"https:\/\/foodsconsultancy.com\/blog\/wp-json\/wp\/v2\/comments?post=8152"}],"version-history":[{"count":4,"href":"https:\/\/foodsconsultancy.com\/blog\/wp-json\/wp\/v2\/pages\/8152\/revisions"}],"predecessor-version":[{"id":8157,"href":"https:\/\/foodsconsultancy.com\/blog\/wp-json\/wp\/v2\/pages\/8152\/revisions\/8157"}],"wp:attachment":[{"href":"https:\/\/foodsconsultancy.com\/blog\/wp-json\/wp\/v2\/media?parent=8152"}],"curies":[{"name":"wp","href":"https:\/\/api.w.org\/{rel}","templated":true}]}}